15, what is 5 + -129?
-124
In base 9, what is -45 + -161?
-216
In base 6, what is -51 - -5?
-42
In base 15, what is -13 - -3d?
2a
In base 12, what is 5 - 47?
-42
In base 11, what is 4 + -132?
-129
In base 16, what is -126 + -5?
-12b
In base 11, what is 3 + 122a?
1232
In base 13, what is 79 - 5?
74
In base 7, what is -1136 + 11?
-1125
In base 7, what is -10 + 4410?
4400
In base 11, what is 2 + -15?
-13
In base 6, what is 151345 + 2?
151351
In base 7, what is 1 + -13310?
-13306
In base 2, what is -10 - 10101100?
-10101110
In base 14, what is -3 - -6?
3
In base 3, what is 11 + -20?
-2
In base 7, what is -540 + -24?
-564
In base 10, what is -63 - 1?
-64
In base 2, what is -110101101 - 110?
-110110011
In base 3, what is -11 - 0?
-11
In base 7, what is -6413 - -1?
-6412
In base 10, what is 1472 + 8?
1480
In base 8, what is 70 + -10?
60
In base 4, what is 130 + 212?
1002
In base 6, what is -2 + 111?
105
In base 14, what is -14 + -231?
-245
In base 13, what is 2 - -21?
23
In base 6, what is -22 + -2?
-24
In base 15, what is -aca2 + -3?
-aca5
In base 12, what is 3b - -3?
42
In base 7, what is 302 - 25?
244
In base 2, what is -1 - -1101100?
1101011
In base 10, what is 1114 - 1?
1113
In base 2, what is 1 + -101001011?
-101001010
In base 13, what is 4382 - 4?
437b
In base 13, what is -22 + 29?
7
In base 7, what is -4556 + -1?
-4560
In base 12, what is -b - -11?
2
In base 10, what is -7 + -40?
-47
In base 12, what is a + 19?
27
In base 2, what is -11000 + -110010?
-1001010
In base 3, what is 21101 - 10001?
11100
In base 14, what is -1c6 + 0?
-1c6
In base 6, what is -2501 - 11?
-2512
In base 16, what is 95 + -2a?
6b
In base 3, what is -102 + -11010?
-11112
In base 10, what is 6 - 23?
-17
In base 6, what is 120 - 12?
104
In base 11, what is 4 - 201?
-1a8
In base 4, what is 0 + -32311?
-32311
In base 4, what is -201 - 1000?
-1201
In base 4, what is -3 + 0?
-3
In base 5, what is -44 - 11?
-110
In base 14, what is 26c8 + -2?
26c6
In base 11, what is 127 - 2?
125
In base 14, what is 4 + 5?
9
In base 7, what is 200 + -3?
164
In base 7, what is 2 + -4146?
-4144
In base 2, what is -11110 - -101?
-11001
In base 15, what is 1 - 9dd?
-9dc
In base 14, what is -18 - 23?
-3b
In base 11, what is -181 + -8?
-189
In base 8, what is -1 - 452?
-453
In base 8, what is -4564 - -1?
-4563
In base 5, what is 1 - -41?
42
In base 8, what is -75 - 173?
-270
In base 2, what is 11110000101100 + -10?
11110000101010
In base 9, what is -73 - -2?
-71
In base 2, what is 1010101 - 1010010?
11
In base 10, what is -363 - 16?
-379
In base 10, what is -574 + -9?
-583
In base 14, what is 5d - -5c?
bb
In base 12, what is -3 - 696?
-699
In base 8, what is 1 - -144?
145
In base 14, what is 3 + -226?
-223
In base 16, what is -37 + 5?
-32
In base 5, what is -11244 - -1?
-11243
In base 15, what is -2 + 5e?
5c
In base 3, what is 12 - 110?
-21
In base 7, what is 34 - 3?
31
In base 14, what is 3 - 23?
-20
In base 5, what is -2341 + -10?
-2401
In base 13, what is -18 - -8?
-10
In base 13, what is 5 + -1a2?
-19a
In base 8, what is 2 - 627?
-625
In base 3, what is -10 + 1112?
1102
In base 15, what is 0 - -3?
3
In base 9, what is -2248 - -1?
-2247
In base 6, what is -3511 + -31?
-3542
In base 13, what is -3 - -6?
3
In base 4, what is -332 + 323?
-3
In base 4, what is 11 + -100003?
-33332
In base 8, what is 2462 + 3?
2465
In base 11, what is 28 - 338?
-310
In base 5, what is 0 - -31034?
31034
In base 10, what is 5 - -280?
285
In base 11, what is -4 + -77?
-80
In base 7, what is 2 - 4205?
-4203
In base 16, what is 0 - c1?
-c1
In base 16, what is 9 - -717?
720
In base 16, what is -ec + a?
-e2
In base 10, what is -1343 - 1?
-1344
In base 7, what is 1122 + -11?
1111
In base 8, what is 2 - -250?
252
In base 4, what is 12 - 3?
3
In base 10, what is -8 - 5?
-13
In base 5, what is -3 + -1003?
-1011
In base 9, what is -5 + -12?
-17
In base 6, what is 13 + 125?
142
In base 3, what is 0 - 10122?
-10122
In base 11, what is -4 + 151?
148
In base 10, what is -1980 + -1?
-1981
In base 3, what is 1 + -111100?
-111022
In base 10, what is -31 - 13?
-44
In base 6, what is -3004 - -1?
-3003
In base 2, what is 100111111 - 11?
100111100
In base 11, what is 18 + -6?
12
In base 11, what is 5 - 18?
-13
In base 13, what is -a + -4?
-11
In base 5, what is 3 + 44?
102
In base 15, what is -391 + -8?
-399
In base 10, what is -319 + 30?
-289
In base 14, what is 2 + -6a?
-68
In base 10, what is -6 + -14?
-20
In base 4, what is 11 + -10031?
-10020
In base 4, what is 102 + 1012?
1120
In base 16, what is 7af + -5?
7aa
In base 15, what is 0 - 4c1?
-4c1
In base 7, what is -324 - 11?
-335
In base 3, what is -21202 + 110?
-21022
In base 15, what is 14 - 61?
-4c
In base 8, what is 2176 - 10?
2166
In base 8, what is -645 - -7?
-636
In base 14, what is -4c + -3?
-51
In base 3, what is 212022 + 12?
212111
In base 6, what is 2 - -1005?
1011
In base 10, what is -3 + 571?
568
In base 15, what is -4eab - 3?
-4eae
In base 6, what is -1145 - 4?
-1153
In base 13, what is -192 - -3?
-18c
In base 15, what is 5 + 190?
195
In base 9, what is -26 - 84?
-121
In base 13, what is -127 - 11?
-138
In base 15, what is -160c + 1?
-160b
In base 16, what is -3d15 + 0?
-3d15
In base 12, what is 28 - 19?
b
In base 7, what is 601 - -4?
605
In base 11, what is -4 - -492?
489
In base 11, what is 76 - -8?
83
In base 6, what is 5 + -3?
2
In base 13, what is -563 + -4?
-567
In base 3, what is 0 - -1011?
1011
In base 12, what is -467 - -3?
-464
In base 15, what is -5 + -b5a?
-b60
In base 7, what is 5 - 41?
-33
In base 5, what is 110 + -1014?
-404
In base 4, what is -10 - 111?
-121
In base 3, what is 122 - -102?
1001
In base 7, what is -40455 + -5?
-40463
In base 11, what is 0 + -5aa?
-5aa
In base 13, what is 19 - -c?
28
In base 6, what is 1 + -320?
-315
In base 9, what is -5 + 2?
-3
In base 15, what is -3 + -1014?
-1017
In base 7, what is 6 - -13333?
13342
In base 14, what is -9 - 6?
-11
In base 6, what is -3 + 3543?
3540
In base 7, what is 0 - -460?
460
In base 15, what is dad - 5?
da8
In base 4, what is 12 - 12?
0
In base 7, what is 5 - -2262?
2300
In base 12, what is -46 - 0?
-46
In base 2, what is -100110 + -1001?
-101111
In base 10, what is 4 + 24?
28
In base 3, what is 2 - 122?
-120
In base 4, what is -22 - -313?
231
In base 13, what is 1a - 1a?
0
In base 16, what is 9 + 1?
a
In base 11, what is 11 - 47?
-36
In base 13, what is -4b3 + -4?
-4b7
In base 16, what is -5287 - 5?
-528c
In base 12, what is -2 - -817?
815
In base 4, what is 12103 + -3?
12100
In base 2, what is -1111111 + -101?
-10000100
In base 10, what is -2162 - 4?
-2166
In base 14, what is a10b - 4?
a107
In base 7, what is 40 - 2?
35
In base 12, what is -526 + -5?
-52b
In base 14, what is 56 + -16?
40
In base 10, what is 8 - -13?
21
In base 12, what is -4b + -b?
-5a
In base 3, what is 110112 - -211?
111100
In base 14, what is -9d2 + 2?
-9d0
In base 10, what is -924 - -12?
-912
In base 15, what is -1 - 264?
-265
In base 13, what is 3b + -6?
35
In base 15, what is 66 - -5?
6b
In base 2, what is 101 + -111000?
-110011
In base 7, what is 13 - -1633?
1646
In base 13, what is -51 + -a?
-5b
In base 5, what is 1232 - 3?
1224
In base 6, what is 5 - 202?
-153
In base 15, what is e + 4?
13
In base 5, what is -4 - -112031?
112022
In base 8, what is 1 - 53?
-52
In base 5, what is 0 + 424?
424
In base 13, what is 0 - -319?
319
In base 5, what is 23241 + 4?
23300
In base 13, what is 7 - -b?
15
In base 15, what is -88 + -3?
-8b
In base 4, what is -310 - -211?
-33
In base 6, what is 1 - 21?
-20
In base 5, what is 4 + -344?
-340
In base 10, what is 51 - -14?
65
In base 11, what is -20 - -86?
66
In base 6, what is 52 - -50?
142
In base 8, what is 2 + -5446?
-5444
In base 10, what is 2 - 45?
-43
In base 13, what is 2 + -4?
-2
In base 16, what is -1 - -196?
195
In base 15, what is 2 - 6b?
-69
In base 15, what is 1 - 7b?
-7a
In base 7, what is 1 + 65?
66
In base 3, what is -12 + 2102120?
2102101
In base 7, what is 30 + -35?
-5
In base 12, what is -1 - -22?
21
In base 2, what is -10101011 - 1111?
-10111010
In base 3, what is 11 - -11101221?
11102002
In base 4, what is 2 - 2?
0
In base 5, what is -10 - -241?
231
In base 14, what is 4 - b?
-7
In base 12, what is -9 - -30?
23
In base 15, what is -1 - 75?
-76
In base 2, what is 101 + -